g?
2
Suppose 7*i = 8*i - 1. Suppose 0 = -d + i - 0. What is the greatest common divisor of d and 9?
1
Let j be (-45)/3*(-4)/6. Suppose 2*c = -0 + j. Let m = 8 - 6. What is the greatest common divisor of c and m?
1
Suppose -36*n + 37*n - 16 = 0. What is the highest common divisor of 72 and n?
8
Suppose 30 + 0 = -4*r + 2*f, 0 = -r + f - 9. Let x = 6 - r. What is the highest common factor of 12 and x?
12
Suppose -5*v + 25 = 0, 3*w + 3*v - 19 = v. Suppose 45 = w*r - 51. Let y = 43 + -27. What is the highest common divisor of r and y?
16
Let w(s) = 20*s**3 + s**2 - s - 2. Let o be w(2). Let n be (-1 + -13)*30/(-21). What is the greatest common factor of o and n?
20
Let d be 11*4 - 14/7. What is the greatest common factor of 6 and d?
6
Let t(h) = -h**2 + 3*h - 1. Let y(f) = -f**2 + 2*f - 1. Let w(q) = 5*t(q) - 4*y(q). Let n be w(5). Calculate the highest common factor of n and 63.
9
Let m = 16 - -2. Let u = 68 - m. Suppose 0 = c - 3*c + u. Calculate the highest common factor of 10 and c.
5
Let b be (1 - -1) + (-67)/1. Let k = b + 95. What is the greatest common divisor of k and 10?
10
Let n = 3 + -10. Let v = -4 - n. Suppose -4*h = 3*z - v*h - 120, -3*z - 2*h = -120. What is the greatest common divisor of z and 10?
10
Suppose 0*j = j - 4. Suppose 0 = j*n - 50 - 2. Suppose -5*o - 15 = 0, -k = 3*o - o - 20. What is the highest common factor of k and n?
13
Let j(n) = 2*n + 2. Let f be j(3). Let i = -1 + f. Let r = i + 2. Calculate the highest common factor of r and 6.
3
Suppose w - 8 = 4*a + 20, -4*a = w + 4. Let q(t) = -t**3 + 7*t**2 - 2*t - 10. Let k be q(5). What is the greatest common divisor of w and k?
6
Suppose 4*t - 20 = -2*c + 24, 4*c - 5*t = 88. Let j = 38 - c. Suppose -2*n + 24 = 4*n. What is the highest common divisor of n and j?
4
Suppose 2*i - 135 = -r, 4*r - 2*i = -282 + 812. What is the highest common factor of 19 and r?
19
Let m(a) be the third derivative of a**5/60 + 3*a**4/8 + 3*a**3/2 - a**2. Let s be m(-6). Let o = s + 25. What is the highest common factor of 2 and o?
2
Let j = -10 - -36. Calculate the greatest common factor of j and 130.
26
Suppose -3*g = 2*y - 120, -3*y - 4*g = -5*y + 92. What is the highest common divisor of y and 81?
27
Let b = 226 + -121. Let x be (18/4)/(3/(-28)). Let k = -27 - x. What is the greatest common divisor of k and b?
15
Suppose 0 = -0*d - 2*d - 3*k + 24, 3*d = -5*k + 37. Calculate the greatest common factor of 99 and d.
9
Let j(u) = u**3 + 5*u**2 + u + 2. Let c be j(-5). Let t = c + 3. Suppose -m - 2*o = -t*o - 15, o = 5*m - 53. What is the highest common factor of 11 and m?
11
Let h = -29 + 43. What is the highest common divisor of 2 and h?
2
Let g(n) = -17*n - 10. Let f be g(-5). What is the highest common factor of f and 30?
15
Let i(d) = d**2 + 3*d - 2. Let g be i(-5). Let j be (-124)/(-10) - 4/10. Let l be 4 + -4 - -2*j. What is the greatest common factor of g and l?
8
Let c(q) = q - 3 + q**2 + 4*q**2 - 3*q. Let g be (-2)/3 + (-65)/15. Let r be c(g). What is the greatest common factor of 12 and r?
12
Let b = -49 + 82. What is the highest common divisor of b and 297?
33
Let g be (-14)/(5/3 - 2). Calculate the greatest common divisor of 6 and g.
6
Suppose -4*c = -2*d - 12, -d - c + 5*c = 10. Let t(m) = 46*m**2 + m - 2. Let v be t(d). Suppose 12 = -4*s + v. Calculate the highest common factor of 6 and s.
6
Let k = -21 + 34. Let v = 22 - k. Let g = 49 - v. Calculate the greatest common factor of g and 10.
10
Let i(k) = -13*k**3 - 3*k**2 - 3*k - 1. Let g be i(-1). Calculate the highest common divisor of g and 12.
12
Let p be (2 - 256) + (-4)/2. Let z be p/(-10) + (-3)/5. Let l be -3*(-1 + -3) - 2. Calculate the greatest common divisor of z and l.
5
Let j(r) = r**2 - 9*r + 8. Let h be j(10). What is the greatest common divisor of 18 and h?
18
Suppose 8*t + 69 = 12*t + 3*j, 3*t - 5*j = 30. Calculate the highest common divisor of 75 and t.
15
Let v be (-2)/5 - (-172)/5. Let z(l) = -l**2 + 3*l. Let b be z(3). Suppose b*n - 4*u + 21 = n, 0 = -4*u + 4. What is the greatest common divisor of n and v?
17
Let f = 11 - 10. Let b(k) = 3*k - 1. Let a be b(4). Calculate the highest common factor of f and a.
1
Suppose 7*u - 68 = 121. Suppose -q = 6 - 15. What is the highest common factor of u and q?
9
Let m be (-2)/(4/(-2))*-3. Let i = m + 36. Let c = 23 + -12. What is the greatest common divisor of i and c?
11
Let o be -1*(-1 + 52 + -2). Let r be o/(-3) + 2/(-6). Let b(u) = u - 2. Let x be b(4). Calculate the greatest common factor of x and r.
2
Suppose 0*s + 3*s - 14 = 2*n, -3 = 3*n. Suppose 0 = s*g - g - 48. What is the greatest common factor of g and 8?
8
Let q be ((-2)/(-3))/((-1)/(-3)). Suppose 52 = q*u + 2*u. Let v = 20 - u. What is the highest common divisor of 35 and v?
7
Let o(v) = 172*v + 1. Let a(m) = m. Let q(d) = 3*a(d) + o(d). Let p be q(1). Calculate the highest common factor of p and 16.
16
Suppose 3*f - 8 = 7. Calculate the highest common divisor of 2 and f.
1
Suppose -122 = 2*u + 2*c, 4*u - c = -13 - 221. Let o = u + 104. Calculate the greatest common factor of 5 and o.
5
Let x be (-234)/(-8) + 7/(-28). What is the greatest common divisor of x and 29?
29
Let v be 160 + 5 + (-3 - 0). Let b be (1 + -1 - 1)*-18. Calculate the greatest common divisor of b and v.
18
Let a = -75 + 85. Calculate the greatest common factor of 90 and a.
10
Let k(i) = i**3 + 15*i**2 + 12*i - 18. Let q be k(-14). Calculate the greatest common divisor of q and 20.
10
Suppose -5*d - 441 = 2*v, 2*d - v + 84 = d. Let w(l) = 2*l**3 + l**2 + 6*l - 4. Let m be w(4). Let f = m + d. What is the greatest common divisor of f and 11?
11
Let h be 2/4 + (-7)/(-14). What is the highest common divisor of h and 9?
1
Suppose 2*y - 3 + 45 = 0. Let v = y - -40. What is the greatest common factor of v and 19?
19
Suppose -x = 4*m + 3*x + 12, -2*x + 10 = -2*m. Let j = 14 - m. Calculate the highest common factor of j and 126.
18
Suppose 2*p - 21 = 5*z, -21 = -p - 2*p + 4*z. Suppose 3*j - 2*u - 21 = -8, -3*j - p*u = -18. What is the greatest common factor of 55 and j?
5
Suppose -l = 4*s - 32 + 6, 5*l = -3*s + 28. Let u be 2*(2 + 285/s). Calculate the highest common divisor of 9 and u.
9
Let k = 14 + 18. Let x(i) = 5*i + 48. Let a(r) = 4*r + 48. Let z(m) = 6*a(m) - 5*x(m). Let p be z(0). What is the greatest common factor of p and k?
16
Let c = 82 - 58. What is the highest common divisor of c and 16?
8
Suppose -3*c + 4*u = -26, 17 = -c - 4*u - 1. Suppose -5*v = -c*v - 297. Let t be 3/1*-3*-1. Calculate the greatest common factor of t and v.
9
Suppose 5*d - 34 = 6. Suppose -65 = 4*m - 2*g - 393, 68 = m - 4*g. Let w = -12 + m. What is the greatest common divisor of w and d?
8
Let w be (-33)/(-5) + 24/(-40). Let l be 0 + (-85 - -1)/(-2). Let f = -18 + l. What is the highest common divisor of f and w?
6
Let o = -7 - -11. Let d = 7 - o. Suppose 3*b + 177 = 4*k, -d*k + 212 = k + 4*b. What is the highest common divisor of 6 and k?
6
Let t(i) = i**2 - 7*i + 18. Let u be t(8). Calculate the highest common factor of 104 and u.
26
Let t = -11 + 1. Let s = 20 - t. Calculate the highest common divisor of s and 20.
10
Let g be 2/6 + (-80)/(-3). Calculate the greatest common factor of g and 18.
9
Suppose -4*k + 3*v - 4*v + 84 = 0, 5*k = -v + 104. Suppose 6*p = 21 + 9. What is the greatest common divisor of k and p?
5
Suppose 2*b = 6*b - 160. Suppose 0 = 3*x - 2*x - 10. Calculate the greatest common divisor of x and b.
10
Suppose -27*u = -29*u + 6. Calculate the greatest common factor of u and 15.
3
Suppose -158 - 237 = 5*f. Let n = -48 - f. Let g = 45 - n. Calculate the highest common divisor of g and 35.
7
Let k = 150 - 80. Suppose d = 6*d - k. What is the highest common factor of 7 and d?
7
Let p be -1 + (6 - 3/(-3)). Let v be (-357)/(-28) + p/(-8). Suppose -m + 163 = 31. Calculate the highest common divisor of v and m.
12
Let u(c) = 6*c - 3. Let m be u(2). Suppose b + g - 96 = 0, -2 = -5*g - 17. What is the greatest common factor of b and m?
9
Let w = -16 + 22. Calculate the greatest common divisor of 6 and w.
6
Suppose 0*x = 5*x - 5. Let j = x + -1. Suppose j = -0*h + 3*h - 6. What is the greatest common divisor of 5 and h?
1
Suppose 25*n - 12*n = 5824. Calculate the highest common divisor of 56 and n.
56
Suppose -4*h - 4*s = 0, s - 6 = -4*h + 3*s. Let